{"id":1880,"date":"2017-03-30T17:14:23","date_gmt":"2017-03-30T17:14:23","guid":{"rendered":"https:\/\/landauinjurylaw.com\/airportinjurylawyer\/?page_id=1880"},"modified":"2026-01-14T14:12:38","modified_gmt":"2026-01-14T14:12:38","slug":"do-i-have-a-case","status":"publish","type":"page","link":"https:\/\/landauinjurylaw.com\/airportinjurylawyer\/do-i-have-a-case\/","title":{"rendered":"Do I Have A Case?"},"content":{"rendered":"<p>You may be uncertain if an injury to yourself or a loved one actually occurred through the negligence of others. It\u2019s natural to have many questions: Do I initiate a personal injury lawsuit? Do I ask for a settlement? How do I submit a workers compensation claim? Is it expensive to file a lawsuit? How do I file for Social Security Disability? Can I sue an airport? The best way to answer these questions is to talk to us.<\/p>\n<p>Because Abrams Landau Ltd. works on contingency, you won\u2019t receive a bill for that conversation. <em><strong>We only get paid if we win or settle your case.<\/strong><\/em> That\u2019s just one of the reasons you can have confidence when you come to us. We\u2019ll give you straight answers and sound advice regarding workers compensation,airport accidents, airline accidents, premises liability, or other types of personal injury claims. When you ask us, \u201cDo I have a case?\u201d you can depend on more than 30 years\u2019 experience backing up the answer.<\/p>\n<p>Se habla espa\u00f1ol. Para m\u00e1s informaci\u00f3n llame a nuestra oficina al tel\u00e9fono (703) 796-9555.<\/p>\n<p><strong>Want a few answers before you contact us?<\/strong><\/p>\n<p>Whether you are an employee or passenger, we can help you find out if you have a case.<\/p>\n<ul>\n<li><a href=\"https:\/\/landauinjurylaw.com\/airportinjurylawyer\/injured-at-iad\/\">Injured at IAD?<\/a><\/li>\n<li><a href=\"https:\/\/landauinjurylaw.com\/airportinjurylawyer\/injured-at-dca\/\">Injured at DCA?<\/a><\/li>\n<li><a href=\"https:\/\/landauinjurylaw.com\/airportinjurylawyer\/injured-at-bwi\/\">Injured at BWI?<\/a><\/li>\n<li><a href=\"https:\/\/landauinjurylaw.com\/airportinjurylawyer\/injured-at-another-airport\/\">Injured at another airport?<\/a><\/li>\n<\/ul>\n<p>You can also browse our <a href=\"https:\/\/landauinjurylaw.com\/airportinjurylawyer\/blog\/\">Airport Injury Blog<\/a>, <a href=\"https:\/\/landauinjurylaw.com\/client-success\/\">read our customer success stories<\/a> or visit our <a href=\"https:\/\/landauinjurylaw.com\/faq\/\">FAQ page<\/a>.<\/p>\n","protected":false},"excerpt":{"rendered":"<p>You may be uncertain if an injury to yourself or a loved one actually occurred through the negligence of others. It\u2019s natural to have many questions: Do I initiate a personal injury lawsuit? Do I ask for a settlement? How do I submit a workers compensation claim? Is it expensive to file a lawsuit? How&hellip;<\/p>\n<p><a class=\"more-link\" href=\"https:\/\/landauinjurylaw.com\/airportinjurylawyer\/do-i-have-a-case\/\" title=\"Continue reading &lsquo;Do I Have A Case?&rsquo;\">Continue reading <span class=\"meta-nav\">&rarr;<\/span><\/a><\/p>\n","protected":false},"author":1,"featured_media":0,"parent":0,"menu_order":0,"comment_status":"closed","ping_status":"closed","template":"","meta":{"_acf_changed":false,"footnotes":""},"class_list":["post-1880","page","type-page","status-publish","hentry"],"acf":[],"yoast_head":"<!-- This site is optimized with the Yoast SEO plugin v26.6 - https:\/\/yoast.com\/wordpress\/plugins\/seo\/ -->\n<title>Do I Have A Case? - Airport Injury Law<\/title>\n<meta name=\"description\" content=\"Find out if you have a case after an airport injury \u2014 learn key factors that determine claims and how Landau Injury Law can help you move forward.\" \/>\n<meta name=\"robots\" content=\"index, follow, max-snippet:-1, max-image-preview:large, max-video-preview:-1\" \/>\n<link rel=\"canonical\" href=\"https:\/\/landauinjurylaw.com\/airportinjurylawyer\/do-i-have-a-case\/\" \/>\n<meta property=\"og:locale\" content=\"en_US\" \/>\n<meta property=\"og:type\" content=\"article\" \/>\n<meta property=\"og:title\" content=\"Do I Have A Case? - Airport Injury Law\" \/>\n<meta property=\"og:description\" content=\"Find out if you have a case after an airport injury \u2014 learn key factors that determine claims and how Landau Injury Law can help you move forward.\" \/>\n<meta property=\"og:url\" content=\"https:\/\/landauinjurylaw.com\/airportinjurylawyer\/do-i-have-a-case\/\" \/>\n<meta property=\"og:site_name\" content=\"Airport Injury Law\" \/>\n<meta property=\"article:modified_time\" content=\"2026-01-14T14:12:38+00:00\" \/>\n<meta name=\"twitter:card\" content=\"summary_large_image\" \/>\n<meta name=\"twitter:label1\" content=\"Est. reading time\" \/>\n\t<meta name=\"twitter:data1\" content=\"2 minutes\" \/>\n<script type=\"application\/ld+json\" class=\"yoast-schema-graph\">{\"@context\":\"https:\/\/schema.org\",\"@graph\":[{\"@type\":\"WebPage\",\"@id\":\"https:\/\/landauinjurylaw.com\/airportinjurylawyer\/do-i-have-a-case\/\",\"url\":\"https:\/\/landauinjurylaw.com\/airportinjurylawyer\/do-i-have-a-case\/\",\"name\":\"Do I Have A Case? - Airport Injury Law\",\"isPartOf\":{\"@id\":\"https:\/\/landauinjurylaw.com\/airportinjurylawyer\/#website\"},\"datePublished\":\"2017-03-30T17:14:23+00:00\",\"dateModified\":\"2026-01-14T14:12:38+00:00\",\"description\":\"Find out if you have a case after an airport injury \u2014 learn key factors that determine claims and how Landau Injury Law can help you move forward.\",\"breadcrumb\":{\"@id\":\"https:\/\/landauinjurylaw.com\/airportinjurylawyer\/do-i-have-a-case\/#breadcrumb\"},\"inLanguage\":\"en-US\",\"potentialAction\":[{\"@type\":\"ReadAction\",\"target\":[\"https:\/\/landauinjurylaw.com\/airportinjurylawyer\/do-i-have-a-case\/\"]}]},{\"@type\":\"BreadcrumbList\",\"@id\":\"https:\/\/landauinjurylaw.com\/airportinjurylawyer\/do-i-have-a-case\/#breadcrumb\",\"itemListElement\":[{\"@type\":\"ListItem\",\"position\":1,\"name\":\"Home\",\"item\":\"https:\/\/landauinjurylaw.com\/airportinjurylawyer\/\"},{\"@type\":\"ListItem\",\"position\":2,\"name\":\"Do I Have A Case?\"}]},{\"@type\":\"WebSite\",\"@id\":\"https:\/\/landauinjurylaw.com\/airportinjurylawyer\/#website\",\"url\":\"https:\/\/landauinjurylaw.com\/airportinjurylawyer\/\",\"name\":\"Airport Injury Law\",\"description\":\"Helping injured victims throughout the United States and the World\",\"potentialAction\":[{\"@type\":\"SearchAction\",\"target\":{\"@type\":\"EntryPoint\",\"urlTemplate\":\"https:\/\/landauinjurylaw.com\/airportinjurylawyer\/?s={search_term_string}\"},\"query-input\":{\"@type\":\"PropertyValueSpecification\",\"valueRequired\":true,\"valueName\":\"search_term_string\"}}],\"inLanguage\":\"en-US\"}]}<\/script>\n<!-- \/ Yoast SEO plugin. -->","yoast_head_json":{"title":"Do I Have A Case? - Airport Injury Law","description":"Find out if you have a case after an airport injury \u2014 learn key factors that determine claims and how Landau Injury Law can help you move forward.","robots":{"index":"index","follow":"follow","max-snippet":"max-snippet:-1","max-image-preview":"max-image-preview:large","max-video-preview":"max-video-preview:-1"},"canonical":"https:\/\/landauinjurylaw.com\/airportinjurylawyer\/do-i-have-a-case\/","og_locale":"en_US","og_type":"article","og_title":"Do I Have A Case? - Airport Injury Law","og_description":"Find out if you have a case after an airport injury \u2014 learn key factors that determine claims and how Landau Injury Law can help you move forward.","og_url":"https:\/\/landauinjurylaw.com\/airportinjurylawyer\/do-i-have-a-case\/","og_site_name":"Airport Injury Law","article_modified_time":"2026-01-14T14:12:38+00:00","twitter_card":"summary_large_image","twitter_misc":{"Est. reading time":"2 minutes"},"schema":{"@context":"https:\/\/schema.org","@graph":[{"@type":"WebPage","@id":"https:\/\/landauinjurylaw.com\/airportinjurylawyer\/do-i-have-a-case\/","url":"https:\/\/landauinjurylaw.com\/airportinjurylawyer\/do-i-have-a-case\/","name":"Do I Have A Case? - Airport Injury Law","isPartOf":{"@id":"https:\/\/landauinjurylaw.com\/airportinjurylawyer\/#website"},"datePublished":"2017-03-30T17:14:23+00:00","dateModified":"2026-01-14T14:12:38+00:00","description":"Find out if you have a case after an airport injury \u2014 learn key factors that determine claims and how Landau Injury Law can help you move forward.","breadcrumb":{"@id":"https:\/\/landauinjurylaw.com\/airportinjurylawyer\/do-i-have-a-case\/#breadcrumb"},"inLanguage":"en-US","potentialAction":[{"@type":"ReadAction","target":["https:\/\/landauinjurylaw.com\/airportinjurylawyer\/do-i-have-a-case\/"]}]},{"@type":"BreadcrumbList","@id":"https:\/\/landauinjurylaw.com\/airportinjurylawyer\/do-i-have-a-case\/#breadcrumb","itemListElement":[{"@type":"ListItem","position":1,"name":"Home","item":"https:\/\/landauinjurylaw.com\/airportinjurylawyer\/"},{"@type":"ListItem","position":2,"name":"Do I Have A Case?"}]},{"@type":"WebSite","@id":"https:\/\/landauinjurylaw.com\/airportinjurylawyer\/#website","url":"https:\/\/landauinjurylaw.com\/airportinjurylawyer\/","name":"Airport Injury Law","description":"Helping injured victims throughout the United States and the World","potentialAction":[{"@type":"SearchAction","target":{"@type":"EntryPoint","urlTemplate":"https:\/\/landauinjurylaw.com\/airportinjurylawyer\/?s={search_term_string}"},"query-input":{"@type":"PropertyValueSpecification","valueRequired":true,"valueName":"search_term_string"}}],"inLanguage":"en-US"}]}},"_links":{"self":[{"href":"https:\/\/landauinjurylaw.com\/airportinjurylawyer\/wp-json\/wp\/v2\/pages\/1880","targetHints":{"allow":["GET"]}}],"collection":[{"href":"https:\/\/landauinjurylaw.com\/airportinjurylawyer\/wp-json\/wp\/v2\/pages"}],"about":[{"href":"https:\/\/landauinjurylaw.com\/airportinjurylawyer\/wp-json\/wp\/v2\/types\/page"}],"author":[{"embeddable":true,"href":"https:\/\/landauinjurylaw.com\/airportinjurylawyer\/wp-json\/wp\/v2\/users\/1"}],"replies":[{"embeddable":true,"href":"https:\/\/landauinjurylaw.com\/airportinjurylawyer\/wp-json\/wp\/v2\/comments?post=1880"}],"version-history":[{"count":5,"href":"https:\/\/landauinjurylaw.com\/airportinjurylawyer\/wp-json\/wp\/v2\/pages\/1880\/revisions"}],"predecessor-version":[{"id":1937,"href":"https:\/\/landauinjurylaw.com\/airportinjurylawyer\/wp-json\/wp\/v2\/pages\/1880\/revisions\/1937"}],"wp:attachment":[{"href":"https:\/\/landauinjurylaw.com\/airportinjurylawyer\/wp-json\/wp\/v2\/media?parent=1880"}],"curies":[{"name":"wp","href":"https:\/\/api.w.org\/{rel}","templated":true}]}}